s the greatest common divisor of 35 and 45?
5
What is the greatest common factor of 336 and 21?
21
Calculate the highest common factor of 57 and 16074.
57
What is the greatest common factor of 64 and 128?
64
Calculate the greatest common factor of 47 and 6439.
47
What is the greatest common factor of 520 and 60?
20
What is the greatest common factor of 384 and 12?
12
Calculate the highest common factor of 574 and 98.
14
Calculate the highest common factor of 19 and 323.
19
Calculate the greatest common divisor of 220 and 8320.
20
Calculate the greatest common factor of 4 and 5788.
4
Calculate the highest common divisor of 13 and 21.
1
What is the greatest common factor of 340 and 10370?
170
Calculate the greatest common divisor of 66737 and 11.
11
What is the highest common divisor of 561 and 33?
33
What is the highest common divisor of 5846 and 74?
74
What is the greatest common factor of 3350 and 1206?
134
What is the greatest common factor of 500 and 140?
20
Calculate the highest common divisor of 340 and 90.
10
What is the highest common factor of 32 and 304?
16
What is the greatest common factor of 50 and 7225?
25
Calculate the greatest common factor of 60 and 270.
30
Calculate the highest common factor of 60221 and 7.
7
What is the greatest common factor of 38071 and 11?
11
What is the highest common divisor of 10 and 2730?
10
Calculate the greatest common factor of 560 and 16.
16
What is the highest common divisor of 56 and 40?
8
What is the highest common factor of 12 and 6918?
6
What is the greatest common factor of 184 and 414?
46
Calculate the highest common divisor of 10 and 218.
2
Calculate the highest common factor of 1862 and 245.
49
Calculate the greatest common factor of 329 and 47.
47
What is the greatest common factor of 69 and 184?
23
What is the greatest common factor of 2907 and 342?
171
What is the greatest common factor of 570 and 19?
19
What is the greatest common factor of 193 and 34547?
193
Calculate the highest common divisor of 84 and 140.
28
What is the highest common divisor of 1232 and 112?
112
Calculate the highest common divisor of 432 and 336.
48
Calculate the highest common divisor of 800 and 3040.
160
Calculate the greatest common factor of 2807 and 77.
7
What is the greatest common divisor of 144 and 17784?
72
Calculate the highest common divisor of 88 and 198.
22
What is the greatest common divisor of 860 and 1978?
86
What is the greatest common factor of 1469 and 13?
13
What is the greatest common factor of 5509 and 28?
7
What is the highest common divisor of 58 and 58?
58
What is the highest common factor of 51 and 2176?
17
Calculate the highest common factor of 50 and 19850.
50
Calculate the greatest common factor of 20 and 100.
20
What is the highest common factor of 29736 and 2016?
504
Calculate the highest common divisor of 90 and 63.
9
Calculate the highest common divisor of 5713 and 1379.
197
Calculate the highest common factor of 812 and 168.
28
What is the highest common divisor of 34941 and 57?
57
What is the highest common divisor of 148 and 9028?
148
Calculate the highest common divisor of 18 and 992.
2
Calculate the greatest common divisor of 270 and 630.
90
Calculate the greatest common factor of 48 and 96.
48
Calculate the greatest common factor of 2366 and 4.
2
Calculate the greatest common divisor of 140 and 1000.
20
Calculate the greatest common divisor of 50 and 2150.
50
Calculate the greatest common divisor of 53 and 4823.
53
What is the greatest common divisor of 149 and 50660?
149
What is the greatest common factor of 783 and 58?
29
What is the highest common factor of 58 and 232?
58
Calculate the highest common divisor of 49 and 30527.
49
Calculate the highest common divisor of 10 and 5255.
5
Calculate the highest common factor of 35 and 90.
5
Calculate the highest common factor of 20133 and 9.
9
Calculate the highest common divisor of 1952 and 366.
122
What is the greatest common divisor of 17664 and 414?
138
Calculate the greatest common divisor of 1100 and 935.
55
What is the greatest common factor of 6220 and 60?
20
Calculate the greatest common divisor of 27 and 882.
9
Calculate the greatest common factor of 1000 and 40.
40
What is the highest common divisor of 9841 and 13?
13
What is the highest common factor of 132 and 33627?
33
Calculate the greatest common divisor of 238 and 510.
34
What is the highest common factor of 364 and 42?
14
Calculate the highest common factor of 3 and 39.
3
Calculate the highest common factor of 56 and 476.
28
Calculate the highest common divisor of 73 and 1679.
73
What is the greatest common divisor of 47 and 47?
47
What is the highest common factor of 18 and 153?
9
Calculate the greatest common factor of 70 and 406.
14
Calculate the greatest common factor of 110 and 22.
22
What is the highest common factor of 35120 and 16?
16
What is the highest common divisor of 145 and 5?
5
What is the highest common divisor of 132 and 1254?
66
Calculate the highest common factor of 14 and 602.
14
Calculate the greatest common factor of 570 and 60.
30
What is the highest common factor of 198 and 22?
22
What is the greatest common divisor of 116 and 11020?
116
Calculate the highest common divisor of 1043 and 224.
7
What is the greatest common factor of 703 and 407?
37
Calculate the highest common divisor of 651 and 2387.
217
Calculate the greatest common factor of 618 and 18.
6
Calculate the greatest common divisor of 184 and 69.
23
What is the greatest common divisor of 2915 and 715?
55
Calculate the greatest common factor of 147 and 987.
21
What is the highest common divisor of 10 and 25?
5
Calculate the highest common divisor of 63 and 81.
9
Calculate the highest common divisor of 533 and 247.
13
What is the greatest common factor of 208 and 20?
4
Calculate the highest common divisor of 3860 and 70.
10
What is the highest common divisor of 946 and 258?
86
Calculate the greatest common factor of 20 and 3000.
20
Calculate the greatest common factor of 884 and 68.
68
What is the greatest common factor of 26 and 35906?
26
Calculate the highest common factor of 26 and 10218.
26
Calculate the greatest common divisor of 14 and 525.
7
What is the highest common factor of 146 and 1898?
146
Calculate the highest common divisor of 260 and 104.
52
What is the highest common divisor of 720 and 132?
12
Calculate the greatest common divisor of 195 and 429.
39
What is the greatest common divisor of 26 and 11453?
13
Calculate the highest common factor of 25 and 195.
5
What is the greatest common divisor of 177 and 118?
59
What is the highest common factor of 10374 and 156?
78
What is the greatest common factor of 968 and 4598?
242
What is the highest common factor of 440 and 120?
40
What is the greatest common divisor of 795 and 636?
159
What is the greatest common divisor of 24 and 102?
6
What is the highest common divisor of 255 and 555?
15
Calculate the greatest common divisor of 31 and 527.
31
What is the highest common divisor of 24528 and 288?
48
Calculate the greatest common factor of 314 and 4239.
157
What is the greatest common factor of 176 and 33?
11
What is the highest common divisor of 49 and 4?
1
What is the highest common divisor of 3711 and 3?
3
Calculate the highest common factor of 75 and 9600.
75
Calculate the greatest common divisor of 160 and 370.
10
Calculate the highest common divisor of 21 and 31353.
21
Calculate the greatest common divisor of 210 and 75.
15
Calculate the greatest common factor of 217 and 4309.
31
Calculate the greatest common divisor of 36 and 738.
18
What is the greatest common factor of 11 and 121?
11
Calculate the greatest common divisor of 4045 and 35.
5
What is the highest common divisor of 310 and 186?
62
Calculate the greatest common factor of 4 and 23672.
4
Calculate the greatest common factor of 10 and 1950.
10
Calculate the greatest common divisor of 13290 and 30.
30
Calculate the highest common factor of 5 and 100.
5
Calculate the greatest common factor of 8131 and 47.
47
What is the highest common factor of 206 and 7725?
103
What is the greatest common divisor of 1147 and 31?
31
What is the highest common factor of 3648 and 112?
16
Calculate the highest common divisor of 2911 and 41.
41
What is the greatest common f